 + z, -5*r = t - 23. Suppose -53 = -5*m - 0*p - p, -r*m + p + 46 = 0. What is the highest common divisor of 99 and m?
11
Let k = 61 + -62. Let q = k - -15. Let y(x) = 55*x + 2. Let o be y(2). What is the highest common divisor of q and o?
14
Let c(g) = -2*g + 60. Let i be c(-12). Calculate the greatest common divisor of 42 and i.
42
Suppose 5*z = 14*z - 198. Let i = -18 - -29. What is the greatest common factor of i and z?
11
Suppose 3*h - 9*c + 4*c - 64 = 0, 0 = h - 4*c - 26. Suppose -j = -10 - h. What is the greatest common divisor of j and 14?
14
Let g be (34/(-4))/(13/(-26)). Calculate the highest common divisor of g and 204.
17
Let n = -25 + 151. Let w(g) = g**2 - 3*g + 3*g**2 - 3*g**2 - 4. Let j be w(6). What is the highest common divisor of n and j?
14
Let j = 2053 - 1464. What is the greatest common factor of j and 31?
31
Suppose -4*t + 459 = 63. Let g = t + -59. What is the highest common divisor of 16 and g?
8
Suppose 0 = 7*v - 13*v + 15366. Calculate the greatest common factor of 13 and v.
13
Suppose -4*f = 6*g - 4*g - 48, -f = 3*g - 87. Let a(q) = 3*q - 2*q + 0 - 3 + 4. Let p be a(11). What is the highest common factor of g and p?
6
Suppose 3*o = 4*n + 226, -n + o = -4*o + 48. Let s = n - -68. Let w be (-1)/(-3) - 178/(-6). Calculate the greatest common factor of s and w.
10
Suppose 0*l + z = -l + 107, -3*l + 2*z = -311. What is the highest common divisor of l and 455?
35
Let i(o) = o**3 - 17*o**2 + 10*o - 1. Let p be i(17). Let r be 193/13 + 26/p. Calculate the highest common factor of r and 3.
3
Suppose -4*b = 3*o + 436, -3*o - 212 = 5*b + 336. Let t = b - -175. Let v = 6 + 1. Calculate the greatest common divisor of v and t.
7
Suppose 3*r = -5*i + 7 - 3, -4*i - 48 = -4*r. Calculate the highest common divisor of r and 10.
2
Suppose 5*c - 4 = 4*u, -2*u - 3*u + 4*c - 5 = 0. Let i be (1/((-4)/(-6)))/(u/(-10)). Calculate the greatest common divisor of 10 and i.
5
Let b = -3 - 0. Let g = b - -9. Suppose -2*p + 18 = -r, 36 = 21*p - 17*p - 3*r. What is the greatest common divisor of g and p?
3
Suppose -4*r - 268 = -4*f, -3*f - r = -0*f - 185. Suppose 4*y - 24 - 8 = 0. Let c = 15 - y. What is the highest common divisor of c and f?
7
Let g(x) = -2*x**3 + 4*x**2 + 4*x + 3. Let j be g(-3). Let f(v) = -55*v - 4941. Let u be f(-90). Calculate the highest common factor of j and u.
9
Suppose -4*a + 25 = g + a, g - 5*a = 55. Let f = g - 16. What is the highest common factor of f and 120?
24
Let c be (1 + 1)*11/22. Suppose -3 = -2*d - c. Let a(y) = 17*y**2 - 1. Let m be a(d). What is the greatest common factor of 80 and m?
16
Let c(i) = i**2 + 6*i + 12. Let h be c(-4). Let k be 10*(18/h - 3). What is the highest common divisor of k and 105?
15
Let t be (1 + 1)*((0 - -3) + 0). Suppose 83 - 1049 = -t*s. What is the highest common divisor of s and 7?
7
Suppose 3*m + 3*a = 657, -852 = -4*m - 3*a + 7*a. What is the highest common divisor of m and 24?
24
Let o = 16 - 8. Let h = o - -11. What is the greatest common factor of h and 133?
19
Suppose -3 = -3*s + 6. Let n = 3121 + -3118. Calculate the greatest common factor of n and s.
3
Suppose -190 = -2*u + r, 93 - 378 = -3*u - 2*r. Calculate the greatest common divisor of 855 and u.
95
Let s = -1644 + 1656. Suppose 3*x + 2*x = 0. Suppose x = -u - 5*y + 71, 0 = -u + 3*y + 94 + 17. What is the greatest common divisor of s and u?
12
Suppose 0 = -4*p - 17 + 13, 3*l - p - 70 = 0. Calculate the highest common divisor of 1 and l.
1
Let d be 220/16 - 2/(-8). Let s = d + 2. What is the highest common divisor of s and 256?
16
Suppose a - 22 = -2*n, -n - 4*a = -5*n + 44. Let r = n + -4. What is the greatest common divisor of r and 14?
7
Let d(h) = 3 - 3*h - 4 - h**3 - 8*h**2 + 0*h. Let p be d(-8). Let t be (4 + (-435)/(-12))/((-1)/(-4)). Calculate the greatest common divisor of t and p.
23
Let o = 144 + 290. Let y = o - 254. Let q be (-5)/((((-12)/(-16))/1)/(-3)). Calculate the highest common factor of q and y.
20
Let n = -113 - -197. Let r = 12 + -8. What is the greatest common factor of r and n?
4
Let m(p) = -p**3 - 29*p**2 + 28*p. Let v be m(-30). Calculate the highest common divisor of 132 and v.
12
Let u = -20965 + 20979. Let z(v) = -v**3 - v**2 - 8*v - 4. Let h be z(-6). Calculate the greatest common divisor of h and u.
14
Suppose -41*s + 486 = -35*s. Calculate the highest common divisor of 108 and s.
27
Let q be (-2)/8 - 68/(-16). Let k(m) = 9*m - q - 11*m - 1. Let w be k(-4). Calculate the highest common factor of 12 and w.
3
Suppose 106 = 2*h - 44. Suppose 60 = -m + 5*m. What is the greatest common divisor of h and m?
15
Let m be 1/(3 - 1 - 3). Let s be m*(-7 - (1 + -2)). Suppose -11096*x = -11083*x - 117. Calculate the greatest common factor of s and x.
3
Suppose 24*d = 34*d - 650. What is the highest common factor of 260 and d?
65
Let t = -523 - -557. What is the highest common factor of 1207 and t?
17
Suppose 0 = 5*v + 2*h - 17 - 103, -5*v - 3*h = -120. Let q = 3 - -20. Suppose 5*f = 17 + q. Calculate the highest common divisor of v and f.
8
Let s = -163 + 172. What is the highest common divisor of 387 and s?
9
Let v(s) be the third derivative of 7*s**5/60 + s**4/8 + s**3/3 + 36*s**2. Let x be v(4). Let b = 50 - 36. What is the highest common factor of b and x?
14
Suppose 0*q = -2*q + 8, n = -5*q + 39. Let m(w) = w**3 - 11*w**2 - 6*w - 13. Let p be m(13). Calculate the greatest common factor of n and p.
19
Suppose a = 0, -2*b = -7*b + 5*a + 195. Let z = 47 - b. What is the highest common divisor of 32 and z?
8
Suppose 5*n + 3*k + 622 - 2926 = 0, -1844 = -4*n - 2*k. What is the highest common factor of 42 and n?
42
Suppose 2*b + 36 = 46. Suppose 5*n - 69 = 4*r - 0*n, -4*r = -2*n + 54. Let x = 4 - r. What is the highest common divisor of b and x?
5
Suppose -49*z = 30*z - 10191. What is the highest common divisor of z and 2193?
129
Suppose -5*d + 2*b = -4, -d + 5*d - 5*b + 7 = 0. Suppose -d*p - 58 = -l + 56, -3*p = -2*l + 223. What is the greatest common factor of l and 26?
26
Suppose -3*d = 4*g - 1, 4*g + 4*d = -d - 9. Suppose 4*b - 154 = -2*h, -g*b + 3*h + 35 = -3*b. Calculate the highest common factor of b and 95.
19
Let t(f) = -3*f + 44 - 58 + 35. Let h be t(3). What is the highest common divisor of 28 and h?
4
Suppose o = -4*o + 70. Let m = o + -12. Suppose -4*d + 112 = 5*t, 105 = 5*t + d + m. Calculate the highest common divisor of 160 and t.
20
Let r be 438/27 - 2/9. Let h = -19 - -23. Calculate the greatest common factor of h and r.
4
Let q(z) = z**3 - 24*z**2 - 6. Let w be q(24). Let p = 15 + w. Calculate the highest common divisor of p and 6.
3
Suppose 2*m + 0 = -4*g - 4, 2*g - 10 = -3*m. Suppose 3 = 4*q - 13. Suppose -y + o + q + 6 = 0, -3*o - 12 = 0. What is the greatest common factor of y and m?
6
Suppose -71 = -2*m + 1. Let v = -15764 + 15908. Calculate the highest common divisor of v and m.
36
Suppose 2*u - 69 = 3*c, -2*u + 5*c = -43 - 20. Calculate the highest common divisor of 39 and u.
39
Suppose -400 = 17*v - 21*v. What is the greatest common divisor of v and 20?
20
Let d = 1348 + -1264. What is the greatest common divisor of d and 1092?
84
Suppose -11*t + 15*t - 156 = 0. Let b = t + -30. What is the highest common divisor of b and 6?
3
Suppose -j - 666 = -n, -5*n + 0*n + 2*j = -3321. Calculate the highest common factor of 39 and n.
39
Suppose 0 = w + 5 - 6. Let q be (280/(-25))/(w/(-5)). What is the highest common factor of 8 and q?
8
Suppose 0*x = -4*x + 2*t + 254, 5*x - t - 316 = 0. What is the greatest common factor of x and 84?
21
Let p(c) = 7*c**2 + 7*c + 4. Let h(k) = k**3 + 5*k**2 - k - 7. Let j be h(-5). Let z be p(j). What is the highest common divisor of 45 and z?
9
Let j(y) = -5 + 3 - 12 - 12*y**2 + y**2 - y**3 - 2*y. Let o be j(-11). What is the greatest common divisor of o and 1?
1
Let l be (-148)/(-28) - 6/21. Suppose 2*f - 1 = l. Suppose -2*z - 130 = -4*i - 5*z, f*z - 164 = -5*i. Calculate the greatest common divisor of i and 17.
17
Suppose 5*d + 15 = 0, 3*y + 3*d + 37 = 385. Let m be 4/8 - 132/(-8). Calculate the highest common factor of y and m.
17
Suppose h - 123 = -2*i, i = -3*h + 5*h - 226. What is the greatest common factor of h and 10?
5
Let h be -3*(2 + -6 - 0). Let l(m) = m**2 + 12*m - 25. Let r be l(-14). What is the greatest common divisor of h and r?
3
Let